3
Let f(s) = -4*s - 3. Let a be f(-2). Suppose -37 = -a*u + 3*t, -4*u + 13 = u + 3*t. List the prime factors of u.
5
Let l = 409 + -153. What are the prime factors of l?
2
Let i(p) = 5*p**2 + p. What are the prime factors of i(-2)?
2, 3
Suppose -5*d + 5 = 5*p, 0*p = -4*d - 3*p + 5. Suppose -3*z + 105 = d*z. What are the prime factors of z?
3, 7
Let u = -11 - -16. Suppose u*x + 35 = 6*x. What are the prime factors of x?
5, 7
Let s(r) = 2*r**2 + 19*r + 53. What are the prime factors of s(-12)?
113
Suppose 3*d = 2*g + 2*g - 31, -d - 2*g = -3. Let f = d + 11. List the prime factors of f.
2, 3
Let p = 7 + -12. Let t = 26 + p. What are the prime factors of t?
3, 7
Suppose m = 5*b, 6*m = 2*m - 2*b. Suppose -s + 17 = 5*g, 2*s + 2*g - 11 + 1 = m. List the prime factors of -15*s/(-2 - 0).
3, 5
Let d(m) = 5*m**2 - 1. Suppose -4 = y - 5. Let o be d(y). Suppose -3*n + o*n - 6 = 0. What are the prime factors of n?
2, 3
Suppose 3*r - 5*r = -76. What are the prime factors of r?
2, 19
Let r = -200 + 761. What are the prime factors of r/27 - 6/(-27)?
3, 7
Let b(n) = 7*n - 16 + 21 + 2*n**2 + 0*n**2. What are the prime factors of b(-6)?
5, 7
List the prime factors of (-5 + -21)*12/(-3).
2, 13
Suppose 9*u - 20 = 4*u. Suppose -3*m - c + 8 + 5 = 0, u*m = -3*c + 19. Suppose 3*v - 6*f - 9 = -m*f, -5*f + 35 = 4*v. List the prime factors of v.
5
Let d = 6 + 0. Let i be (-1)/3 + 10/3. Suppose -2*c - d = -i*c. What are the prime factors of c?
2, 3
List the prime factors of (165/20)/(6/40).
5, 11
Suppose 6 = -0*z - 2*z, 0 = -4*l - 4*z + 12. Suppose a + 4 - l = 0. What are the prime factors of a?
2
Let m(y) = y**2 - y - 12. Let i be (2 - 2)/(-3) + 0. Let n be m(i). Let q = n - -20. What are the prime factors of q?
2
Suppose 5*o + 167 = 677. List the prime factors of o.
2, 3, 17
Let z(t) = t**2 + 8*t - 9. Let j(q) = 3*q**2 + 15*q - 19. Let i(m) = -2*j(m) + 5*z(m). List the prime factors of i(7).
2, 7
Suppose 143 = t + 4*j, 5*t + 0*t - 749 = -3*j. Suppose t = 4*u + 11. Let b = -25 + u. What are the prime factors of b?
2, 5
Let g(s) be the third derivative of s**5/30 - s**4/8 + s**3/2 + s**2. Let x(v) = -2*v - 9. Let a be x(-6). What are the prime factors of g(a)?
2, 3
Suppose -3*s + l = -109, 0*s - l - 179 = -5*s. What are the prime factors of s?
5, 7
Suppose 0 = -2*l - 2*m + 12, -3 = -2*l + 6*l - 5*m. Suppose -u + l = 4*s, 3*u - 1 = -5*s + 1. List the prime factors of 4/4*s*3.
3
Let w be 10/35 - (-80)/14. List the prime factors of 1/((-3 - -5)/w).
3
Let r(l) = -2*l + 48. Let y be r(0). Let k = y + -32. What are the prime factors of k?
2
Suppose 0 = -w + 2*a + 31, 0 = 5*w - 5*a - 0*a - 140. List the prime factors of w.
5
Suppose 3*q = -0*b + 3*b + 222, -2*q + 144 = -3*b. What are the prime factors of q?
2, 3, 13
Let i(g) = 2*g - 2. Let t(n) = 4*n - 5. Let c(a) = 5*i(a) - 2*t(a). Let d be c(1). What are the prime factors of d/7 + (-204)/(-21)?
2, 5
Let i(g) = -17*g - 25. What are the prime factors of i(-6)?
7, 11
Let z(a) = -16*a - 12. What are the prime factors of z(-8)?
2, 29
Let i(l) = -4*l**3 - 3*l**2 + l + 3. Let u(x) = 9*x**3 + 5*x**2 - 3*x - 5. Let w(s) = 7*i(s) + 3*u(s). List the prime factors of w(-6).
2, 3
Let q(l) = -l**2 + l - 6. Let y be q(0). Let o = 11 + y. List the prime factors of o.
5
Suppose 4*w = 5*r - 1666, r - 342 = -0*r + 3*w. List the prime factors of r.
2, 3, 5, 11
Suppose 4*i = -2*a + 30, -5*a - 29 = 3*i - 76. List the prime factors of a.
7
Suppose 2*n + 2 = -5*k, -n - 2*k - 14 = n. Let v = 10 + n. List the prime factors of (v/3)/(9/(-459)).
17
Let o = -243 + 446. List the prime factors of o.
7, 29
Let f be 21 + 0*(-2)/6. Suppose 0*c + c - 4*o = f, 5*c - 105 = o. List the prime factors of c.
3, 7
Suppose -5*v + 29 = -266. What are the prime factors of v?
59
Let f be 2*(4 + (0 - 2)). Suppose -60 = -m - 4*m - f*l, -5*l + 9 = -2*m. List the prime factors of m.
2
Let d(j) = j - 6. Let t be d(0). Let w = -1 - t. Let l(k) = -k**2 + 6*k + 2. What are the prime factors of l(w)?
7
Suppose h - 9 + 39 = 0. List the prime factors of 10/(-3)*h/4.
5
Suppose -8*m + 104 = -4*m. What are the prime factors of m?
2, 13
Let f be (-3)/2 + 3/(-6). Let o be ((-16)/(-2))/(-4) + -2. List the prime factors of (-17)/f + o/8.
2
Let c(h) = 18*h + 7. Let s(m) = m + 1. Let u(x) = -c(x) + 6*s(x). List the prime factors of u(-1).
11
Let j(o) = 2*o**2 + 3*o - 8. Let z be j(-6). Suppose -2*l = 3*i - z, 0*i + 2*i - l = 26. List the prime factors of i.
2, 7
List the prime factors of ((-1034)/(-8) - -1) + (-14)/56.
2, 5, 13
Suppose -3*g + 6*g = 6. Suppose a = -g*a + 3. Suppose f = -a + 4. List the prime factors of f.
3
Suppose -14*j = -17*j + 9. What are the prime factors of (-6)/j*(-129)/6?
43
Suppose 141*h = 146*h - 680. What are the prime factors of h?
2, 17
Suppose 0 = 5*g - 2*g - 15. Suppose 0 = g*w + o + 8 - 0, w - 8 = -5*o. Let t = 2 - w. List the prime factors of t.
2
Let y = -5 - 20. Let d = 49 + y. Let k = d + -14. What are the prime factors of k?
2, 5
Suppose -15 = -4*c + c. Suppose -c*j + 9 = -31. What are the prime factors of j?
2
Let d(h) = -10*h + 8. Let l(q) = q - 1. Let k(o) = -d(o) - 4*l(o). What are the prime factors of k(5)?
2, 13
Let v = 99 + -19. Suppose v = 2*p - 10. Suppose 5*n - p = -0*n + 3*s, 2*n - 18 = -s. List the prime factors of n.
3
Let o(k) = k**3 + 8*k**2 + 8*k + 1. Let n be o(-7). Let s = n - -8. Suppose 6 = s*x - 0. What are the prime factors of x?
3
Let i(j) = -2*j + 12. Let h be i(9). List the prime factors of (h/9)/((-2)/84).
2, 7
What are the prime factors of (22/(-2))/((-2)/4)?
2, 11
Suppose 2*m + 30 = 5*v, 2*v + m - 4 = 8. Suppose -5*b + v = -2*b. What are the prime factors of b?
2
What are the prime factors of (15/(-20))/(1*3/(-48))?
2, 3
Let p = 4 + -2. Let o = 0 + p. List the prime factors of (1 - 10)/((-3)/o).
2, 3
Suppose -v + 0 = -5. Suppose 0 = v*w + 3*x - 149, 2*w - 3*x - 75 = -w. Let g = w + -16. List the prime factors of g.
2, 3
Let p(n) be the first derivative of -5*n**4/24 - n**3/3 - n**2 - 3. Let d(a) be the second derivative of p(a). List the prime factors of d(-3).
13
Let u(o) = o**3 + 3*o**2 - 4*o. Let b be u(-3). List the prime factors of 2/1*18/b.
3
Let h(l) = -6*l - 11. What are the prime factors of h(-5)?
19
Let u = 0 - 2. Let i be 7 + 3/(-6)*u. Suppose -k + i + 3 = 0. What are the prime factors of k?
11
Let i(y) = y + 4. Let s be i(0). Suppose -2*u = -s*u + 6. What are the prime factors of u?
3
Let n(w) = w**3 - 17*w**2 - 6*w + 19. What are the prime factors of n(18)?
5, 47
Let p = 67 + -48. What are the prime factors of p?
19
Let u = -28 + 50. What are the prime factors of u?
2, 11
Suppose -4*b - 32 = -l, l + 3*b = 18 + 21. What are the prime factors of l?
2, 3
Let r(z) be the third derivative of -z**5/60 - z**4/12 + 16*z**3/3 - 2*z**2. What are the prime factors of r(0)?
2
Suppose 7*d + 5*b - 55 = 2*d, -3*d = -3*b - 15. List the prime factors of d.
2
Suppose 4*m = 5*f - 143 + 338, 0 = 3*f + 5*m + 117. Let k = 61 + f. List the prime factors of k.
2, 11
What are the prime factors of (1 - 0)*-1*-37?
37
Let q be 0 + 6 + (-3 - -1). Let c = -10 + q. Let d = c + 14. List the prime factors of d.
2
Let j = -8 - -12. What are the prime factors of j?
2
What are the prime factors of 8/(-5)*1875/(-30)?
2, 5
Let j(c) = 16*c + 2. Let z be j(3). Suppose -z = 5*q - 145. List the prime factors of q.
19
Let j = 12 + -3. Let m = j - 9. Suppose g + 1 - 10 = m. List the prime factors of g.
3
Suppose -4*u + 2*v + 156 = 0, 5 + 123 = 4*u + 5*v. What are the prime factors of u?
37
Suppose 0 = 4*b + 2 + 2. Suppose v - 7 - 2 = -c, 0 = -5*c + 3*v + 53. List the prime factors of b*3/3 + c.
3
Let g = 151 + 118. List the prime factors of g.
269
Suppose 0 = v + 2*f - 20 - 102, 0 = 2*v + 3*f - 240. What are the prime factors of v?
2, 3, 19
Let d = 10 + -6. Let h be ((-11)/d + 0)*4. Let m = h - -20. List the prime factors of m.
3
Suppose -3*z = -2*z - 64. What are the prime factors of z?
2
Let r(q) = 2*q**3 - q**2 + 2*q + 4. What are the prime factors of r(3)?
5, 11
Suppose 3*m - 4*h - 355 = -2*m, -3*m + 176 = 5*h. Suppose 2*f - 22 = 4*q, m = 5*f - 3*q - 2. List the prime factors of f.
3, 5
Suppose o = -0*o + 26. Suppose -2*i + 28 = -2*j, 0 = 4*i + j + o - 82. List the prime factors of i.
2, 7
Suppose 5*n - 6*n + 56 = 0. Suppose 4*d + 0*y + y = 49, 0 = 5